{"id":1688,"date":"2020-06-17T22:36:12","date_gmt":"2020-06-17T22:36:12","guid":{"rendered":"http:\/\/www.elpuco.com.ar\/web\/?page_id=1688"},"modified":"2020-06-17T22:40:56","modified_gmt":"2020-06-17T22:40:56","slug":"cursos-a-distancia","status":"publish","type":"page","link":"https:\/\/www.elpuco.com.ar\/web\/cursos-a-distancia\/","title":{"rendered":"Cursos a distancia"},"content":{"rendered":"\n<div class=\"wp-block-media-text alignwide is-stacked-on-mobile is-vertically-aligned-top\"><figure class=\"wp-block-media-text__media\"><img loading=\"lazy\" decoding=\"async\" width=\"459\" height=\"642\" src=\"http:\/\/www.elpuco.com.ar\/web\/wp-content\/uploads\/2020\/06\/WhatsApp-Image-2020-06-14-at-13.28.05.jpeg\" alt=\"\" class=\"wp-image-1679\" srcset=\"https:\/\/www.elpuco.com.ar\/web\/wp-content\/uploads\/2020\/06\/WhatsApp-Image-2020-06-14-at-13.28.05.jpeg 459w, https:\/\/www.elpuco.com.ar\/web\/wp-content\/uploads\/2020\/06\/WhatsApp-Image-2020-06-14-at-13.28.05-214x300.jpeg 214w\" sizes=\"auto, (max-width: 459px) 100vw, 459px\" \/><\/figure><div class=\"wp-block-media-text__content\">\n<p class=\"has-normal-font-size\">Podes empezar a hacer con nosotros desde tu casa, ya sea que no tenes el tiempo o falta de ganas de acercarte hasta el taller, te lo acercamos a vos con este Kit y nuestra modalidad a distancia.<br>Tenemos todo listo para hacerte llegar tu KIT!!<br>Nuestras clases y talleres online cuenta con nuestras herramientas virtuales como YouTube Facebook y wsp al servicio de esta modalidad con excelentes resultados!!<br>Cont\u00e1ctanos, te contamos c\u00f3mo es la modalidad y empezamos, compartir con personas de inter\u00e9s, muchas gracias!!<br>Prof. A. Jara.<\/p>\n<\/div><\/div>\n\n\n","protected":false},"excerpt":{"rendered":"<p>Podes empezar a hacer con nosotros desde tu casa, ya sea que no tenes el tiempo o falta de ganas de acercarte hasta el taller, te lo acercamos a vos con este Kit y nuestra modalidad a distancia.Tenemos todo listo para hacerte llegar tu KIT!!Nuestras clases y talleres online cuenta con nuestras herramientas virtuales como &#8230; <\/p>\n<p class=\"read-more-container\"><a title=\"Cursos a distancia\" class=\"read-more button\" href=\"https:\/\/www.elpuco.com.ar\/web\/cursos-a-distancia\/#more-1688\" aria-label=\"Leer m\u00e1s sobre Cursos a distancia\">Continuar<\/a><\/p>\n","protected":false},"author":1,"featured_media":0,"parent":0,"menu_order":0,"comment_status":"closed","ping_status":"closed","template":"","meta":{"ngg_post_thumbnail":0,"footnotes":""},"class_list":{"0":"post-1688","1":"page","2":"type-page","3":"status-publish","5":"no-featured-image-padding"},"yoast_head":"<!-- This site is optimized with the Yoast SEO plugin v25.5 - https:\/\/yoast.com\/wordpress\/plugins\/seo\/ -->\n<title>Cursos a distancia - El Puco. Taller de ense\u00f1anza de alfareria y cer\u00e1mica art\u00edstica<\/title>\n<meta name=\"robots\" content=\"index, follow, max-snippet:-1, max-image-preview:large, max-video-preview:-1\" \/>\n<link rel=\"canonical\" href=\"https:\/\/www.elpuco.com.ar\/web\/cursos-a-distancia\/\" \/>\n<meta property=\"og:locale\" content=\"es_ES\" \/>\n<meta property=\"og:type\" content=\"article\" \/>\n<meta property=\"og:title\" content=\"Cursos a distancia - El Puco. Taller de ense\u00f1anza de alfareria y cer\u00e1mica art\u00edstica\" \/>\n<meta property=\"og:description\" content=\"Podes empezar a hacer con nosotros desde tu casa, ya sea que no tenes el tiempo o falta de ganas de acercarte hasta el taller, te lo acercamos a vos con este Kit y nuestra modalidad a distancia.Tenemos todo listo para hacerte llegar tu KIT!!Nuestras clases y talleres online cuenta con nuestras herramientas virtuales como ... Continuar\" \/>\n<meta property=\"og:url\" content=\"https:\/\/www.elpuco.com.ar\/web\/cursos-a-distancia\/\" \/>\n<meta property=\"og:site_name\" content=\"El Puco. Taller de ense\u00f1anza de alfareria y cer\u00e1mica art\u00edstica\" \/>\n<meta property=\"article:modified_time\" content=\"2020-06-17T22:40:56+00:00\" \/>\n<meta property=\"og:image\" content=\"http:\/\/www.elpuco.com.ar\/web\/wp-content\/uploads\/2020\/06\/WhatsApp-Image-2020-06-14-at-13.28.05.jpeg\" \/>\n<meta name=\"twitter:card\" content=\"summary_large_image\" \/>\n<script type=\"application\/ld+json\" class=\"yoast-schema-graph\">{\"@context\":\"https:\/\/schema.org\",\"@graph\":[{\"@type\":\"WebPage\",\"@id\":\"https:\/\/www.elpuco.com.ar\/web\/cursos-a-distancia\/\",\"url\":\"https:\/\/www.elpuco.com.ar\/web\/cursos-a-distancia\/\",\"name\":\"Cursos a distancia - El Puco. Taller de ense\u00f1anza de alfareria y cer\u00e1mica art\u00edstica\",\"isPartOf\":{\"@id\":\"https:\/\/www.elpuco.com.ar\/web\/#website\"},\"primaryImageOfPage\":{\"@id\":\"https:\/\/www.elpuco.com.ar\/web\/cursos-a-distancia\/#primaryimage\"},\"image\":{\"@id\":\"https:\/\/www.elpuco.com.ar\/web\/cursos-a-distancia\/#primaryimage\"},\"thumbnailUrl\":\"http:\/\/www.elpuco.com.ar\/web\/wp-content\/uploads\/2020\/06\/WhatsApp-Image-2020-06-14-at-13.28.05.jpeg\",\"datePublished\":\"2020-06-17T22:36:12+00:00\",\"dateModified\":\"2020-06-17T22:40:56+00:00\",\"breadcrumb\":{\"@id\":\"https:\/\/www.elpuco.com.ar\/web\/cursos-a-distancia\/#breadcrumb\"},\"inLanguage\":\"es\",\"potentialAction\":[{\"@type\":\"ReadAction\",\"target\":[\"https:\/\/www.elpuco.com.ar\/web\/cursos-a-distancia\/\"]}]},{\"@type\":\"ImageObject\",\"inLanguage\":\"es\",\"@id\":\"https:\/\/www.elpuco.com.ar\/web\/cursos-a-distancia\/#primaryimage\",\"url\":\"http:\/\/www.elpuco.com.ar\/web\/wp-content\/uploads\/2020\/06\/WhatsApp-Image-2020-06-14-at-13.28.05.jpeg\",\"contentUrl\":\"http:\/\/www.elpuco.com.ar\/web\/wp-content\/uploads\/2020\/06\/WhatsApp-Image-2020-06-14-at-13.28.05.jpeg\"},{\"@type\":\"BreadcrumbList\",\"@id\":\"https:\/\/www.elpuco.com.ar\/web\/cursos-a-distancia\/#breadcrumb\",\"itemListElement\":[{\"@type\":\"ListItem\",\"position\":1,\"name\":\"Portada\",\"item\":\"https:\/\/www.elpuco.com.ar\/web\/\"},{\"@type\":\"ListItem\",\"position\":2,\"name\":\"Cursos a distancia\"}]},{\"@type\":\"WebSite\",\"@id\":\"https:\/\/www.elpuco.com.ar\/web\/#website\",\"url\":\"https:\/\/www.elpuco.com.ar\/web\/\",\"name\":\"El Puco. Taller de ense\u00f1anza de alfareria y cer\u00e1mica art\u00edstica\",\"description\":\"\",\"potentialAction\":[{\"@type\":\"SearchAction\",\"target\":{\"@type\":\"EntryPoint\",\"urlTemplate\":\"https:\/\/www.elpuco.com.ar\/web\/?s={search_term_string}\"},\"query-input\":{\"@type\":\"PropertyValueSpecification\",\"valueRequired\":true,\"valueName\":\"search_term_string\"}}],\"inLanguage\":\"es\"}]}<\/script>\n<!-- \/ Yoast SEO plugin. -->","yoast_head_json":{"title":"Cursos a distancia - El Puco. Taller de ense\u00f1anza de alfareria y cer\u00e1mica art\u00edstica","robots":{"index":"index","follow":"follow","max-snippet":"max-snippet:-1","max-image-preview":"max-image-preview:large","max-video-preview":"max-video-preview:-1"},"canonical":"https:\/\/www.elpuco.com.ar\/web\/cursos-a-distancia\/","og_locale":"es_ES","og_type":"article","og_title":"Cursos a distancia - El Puco. Taller de ense\u00f1anza de alfareria y cer\u00e1mica art\u00edstica","og_description":"Podes empezar a hacer con nosotros desde tu casa, ya sea que no tenes el tiempo o falta de ganas de acercarte hasta el taller, te lo acercamos a vos con este Kit y nuestra modalidad a distancia.Tenemos todo listo para hacerte llegar tu KIT!!Nuestras clases y talleres online cuenta con nuestras herramientas virtuales como ... Continuar","og_url":"https:\/\/www.elpuco.com.ar\/web\/cursos-a-distancia\/","og_site_name":"El Puco. Taller de ense\u00f1anza de alfareria y cer\u00e1mica art\u00edstica","article_modified_time":"2020-06-17T22:40:56+00:00","og_image":[{"url":"http:\/\/www.elpuco.com.ar\/web\/wp-content\/uploads\/2020\/06\/WhatsApp-Image-2020-06-14-at-13.28.05.jpeg","type":"","width":"","height":""}],"twitter_card":"summary_large_image","schema":{"@context":"https:\/\/schema.org","@graph":[{"@type":"WebPage","@id":"https:\/\/www.elpuco.com.ar\/web\/cursos-a-distancia\/","url":"https:\/\/www.elpuco.com.ar\/web\/cursos-a-distancia\/","name":"Cursos a distancia - El Puco. Taller de ense\u00f1anza de alfareria y cer\u00e1mica art\u00edstica","isPartOf":{"@id":"https:\/\/www.elpuco.com.ar\/web\/#website"},"primaryImageOfPage":{"@id":"https:\/\/www.elpuco.com.ar\/web\/cursos-a-distancia\/#primaryimage"},"image":{"@id":"https:\/\/www.elpuco.com.ar\/web\/cursos-a-distancia\/#primaryimage"},"thumbnailUrl":"http:\/\/www.elpuco.com.ar\/web\/wp-content\/uploads\/2020\/06\/WhatsApp-Image-2020-06-14-at-13.28.05.jpeg","datePublished":"2020-06-17T22:36:12+00:00","dateModified":"2020-06-17T22:40:56+00:00","breadcrumb":{"@id":"https:\/\/www.elpuco.com.ar\/web\/cursos-a-distancia\/#breadcrumb"},"inLanguage":"es","potentialAction":[{"@type":"ReadAction","target":["https:\/\/www.elpuco.com.ar\/web\/cursos-a-distancia\/"]}]},{"@type":"ImageObject","inLanguage":"es","@id":"https:\/\/www.elpuco.com.ar\/web\/cursos-a-distancia\/#primaryimage","url":"http:\/\/www.elpuco.com.ar\/web\/wp-content\/uploads\/2020\/06\/WhatsApp-Image-2020-06-14-at-13.28.05.jpeg","contentUrl":"http:\/\/www.elpuco.com.ar\/web\/wp-content\/uploads\/2020\/06\/WhatsApp-Image-2020-06-14-at-13.28.05.jpeg"},{"@type":"BreadcrumbList","@id":"https:\/\/www.elpuco.com.ar\/web\/cursos-a-distancia\/#breadcrumb","itemListElement":[{"@type":"ListItem","position":1,"name":"Portada","item":"https:\/\/www.elpuco.com.ar\/web\/"},{"@type":"ListItem","position":2,"name":"Cursos a distancia"}]},{"@type":"WebSite","@id":"https:\/\/www.elpuco.com.ar\/web\/#website","url":"https:\/\/www.elpuco.com.ar\/web\/","name":"El Puco. Taller de ense\u00f1anza de alfareria y cer\u00e1mica art\u00edstica","description":"","potentialAction":[{"@type":"SearchAction","target":{"@type":"EntryPoint","urlTemplate":"https:\/\/www.elpuco.com.ar\/web\/?s={search_term_string}"},"query-input":{"@type":"PropertyValueSpecification","valueRequired":true,"valueName":"search_term_string"}}],"inLanguage":"es"}]}},"_links":{"self":[{"href":"https:\/\/www.elpuco.com.ar\/web\/wp-json\/wp\/v2\/pages\/1688","targetHints":{"allow":["GET"]}}],"collection":[{"href":"https:\/\/www.elpuco.com.ar\/web\/wp-json\/wp\/v2\/pages"}],"about":[{"href":"https:\/\/www.elpuco.com.ar\/web\/wp-json\/wp\/v2\/types\/page"}],"author":[{"embeddable":true,"href":"https:\/\/www.elpuco.com.ar\/web\/wp-json\/wp\/v2\/users\/1"}],"replies":[{"embeddable":true,"href":"https:\/\/www.elpuco.com.ar\/web\/wp-json\/wp\/v2\/comments?post=1688"}],"version-history":[{"count":3,"href":"https:\/\/www.elpuco.com.ar\/web\/wp-json\/wp\/v2\/pages\/1688\/revisions"}],"predecessor-version":[{"id":1694,"href":"https:\/\/www.elpuco.com.ar\/web\/wp-json\/wp\/v2\/pages\/1688\/revisions\/1694"}],"wp:attachment":[{"href":"https:\/\/www.elpuco.com.ar\/web\/wp-json\/wp\/v2\/media?parent=1688"}],"curies":[{"name":"wp","href":"https:\/\/api.w.org\/{rel}","templated":true}]}}