{"id":2,"date":"2013-02-18T02:24:16","date_gmt":"2013-02-18T02:24:16","guid":{"rendered":"http:\/\/www.elpuco.com.ar\/web\/?page_id=2"},"modified":"2025-06-18T20:12:52","modified_gmt":"2025-06-18T20:12:52","slug":"galeria-de-actividades","status":"publish","type":"page","link":"https:\/\/www.elpuco.com.ar\/web\/galeria-de-actividades\/","title":{"rendered":"Galeria de Actividades"},"content":{"rendered":"<p>Las clases regulares del taller son, como m\u00ednimo, una clase semanal de dos horas y media, con un arancel que incluye las clases, los materiales y el horneado de los objetos. Se puede empezar en cualquier momento del a\u00f1o y no es necesario tener experiencia previa. Los horarios son a convenir y los programas de estudio se ajustan de acuerdo a la necesidad de cada persona, pudiendo abocarse a la alfarer\u00eda con o sin torno, modelado, construcci\u00f3n y manejo de hornos a combusti\u00f3n (gas, le\u00f1a, carb\u00f3n, bosta, aserr\u00edn, etc.), mural y\/o t\u00e9cnicas decorativas, art\u00edsticas y de oficio.<\/p>\n<p>&nbsp;<\/p>\n<p>&#8211; <a title=\"Alumnos en Acci\u00f3n\" href=\"http:\/\/www.elpuco.com.ar\/web\/alumnos-en-accion\/\">Alumnos en Acci\u00f3n<\/a>.<\/p>\n<p><span style=\"font-size: revert;\">&#8211; <\/span><a style=\"font-size: revert;\" title=\"Torneado de un Bowl\" href=\"http:\/\/www.elpuco.com.ar\/web\/torneado-de-un-bowl\/\">Torneado de un Bowl<\/a><span style=\"font-size: revert;\">.<\/span><\/p>\n<p>&#8211; <a title=\"Torneado de a dos\" href=\"http:\/\/www.elpuco.com.ar\/web\/torneado-de-a-dos\/\">Torneado de a dos<\/a>.<\/p>\n<p>&#8211; <a title=\"Esmaltado de Pieza\" href=\"http:\/\/www.elpuco.com.ar\/web\/esmaltado-de-pieza\/\">Esmaltado de Pieza<\/a><\/p>\n<p>&#8211; <a title=\"Jornadas de Raku\" href=\"http:\/\/www.elpuco.com.ar\/web\/jornadas-de-raku\/\">Jornadas de Raku<\/a><\/p>\n<p>&#8211; <a title=\"Experiencia de Hornos\" href=\"http:\/\/www.elpuco.com.ar\/web\/experiencia-de-hornos\/\">Experiencia de Hornos<\/a>.<\/p>\n<p>&#8211; <a title=\"Enlace con la Tierra\" href=\"http:\/\/www.elpuco.com.ar\/web\/enlace-con-la-tierra\/\">Enlace con la Tierra<\/a>.<\/p>\n<p>&#8211; <a title=\"Ba\u00f1o Inici\u00e1tico\" href=\"http:\/\/www.elpuco.com.ar\/web\/bano-iniciatico\/\">Ba\u00f1o Inici\u00e1tico<\/a>.<\/p>\n<p>&#8211; <a title=\"Experiencias Etnicas\" href=\"http:\/\/www.elpuco.com.ar\/web\/experiencias-etnicas\/\">Experiencias Etnicas<\/a>.<\/p>\n<p>&#8211; <a title=\"Raku a domicilio\" href=\"http:\/\/www.elpuco.com.ar\/web\/raku-a-domicilio\/\">Raku a Domicilio<\/a><\/p>\n<p>&nbsp;<\/p>\n","protected":false},"excerpt":{"rendered":"<p>Las clases regulares del taller son, como m\u00ednimo, una clase semanal de dos horas y media, con un arancel que incluye las clases, los materiales y el horneado de los objetos. Se puede empezar en cualquier momento del a\u00f1o y no es necesario tener experiencia previa. Los horarios son a convenir y los programas de &#8230; <\/p>\n<p class=\"read-more-container\"><a title=\"Galeria de Actividades\" class=\"read-more button\" href=\"https:\/\/www.elpuco.com.ar\/web\/galeria-de-actividades\/#more-2\" aria-label=\"Leer m\u00e1s sobre Galeria de Actividades\">Continuar<\/a><\/p>\n","protected":false},"author":1,"featured_media":0,"parent":0,"menu_order":0,"comment_status":"open","ping_status":"closed","template":"","meta":{"ngg_post_thumbnail":0,"footnotes":""},"class_list":{"0":"post-2","1":"page","2":"type-page","3":"status-publish","5":"no-featured-image-padding"},"yoast_head":"<!-- This site is optimized with the Yoast SEO plugin v25.5 - https:\/\/yoast.com\/wordpress\/plugins\/seo\/ -->\n<title>Galeria de Actividades - El Puco. Taller de ense\u00f1anza de alfareria y cer\u00e1mica art\u00edstica<\/title>\n<meta name=\"robots\" content=\"index, follow, max-snippet:-1, max-image-preview:large, max-video-preview:-1\" \/>\n<link rel=\"canonical\" href=\"https:\/\/www.elpuco.com.ar\/web\/galeria-de-actividades\/\" \/>\n<meta property=\"og:locale\" content=\"es_ES\" \/>\n<meta property=\"og:type\" content=\"article\" \/>\n<meta property=\"og:title\" content=\"Galeria de Actividades - El Puco. Taller de ense\u00f1anza de alfareria y cer\u00e1mica art\u00edstica\" \/>\n<meta property=\"og:description\" content=\"Las clases regulares del taller son, como m\u00ednimo, una clase semanal de dos horas y media, con un arancel que incluye las clases, los materiales y el horneado de los objetos. Se puede empezar en cualquier momento del a\u00f1o y no es necesario tener experiencia previa. Los horarios son a convenir y los programas de ... Continuar\" \/>\n<meta property=\"og:url\" content=\"https:\/\/www.elpuco.com.ar\/web\/galeria-de-actividades\/\" \/>\n<meta property=\"og:site_name\" content=\"El Puco. Taller de ense\u00f1anza de alfareria y cer\u00e1mica art\u00edstica\" \/>\n<meta property=\"article:modified_time\" content=\"2025-06-18T20:12:52+00:00\" \/>\n<meta name=\"twitter:card\" content=\"summary_large_image\" \/>\n<meta name=\"twitter:label1\" content=\"Tiempo de lectura\" \/>\n\t<meta name=\"twitter:data1\" content=\"1 minuto\" \/>\n<script type=\"application\/ld+json\" class=\"yoast-schema-graph\">{\"@context\":\"https:\/\/schema.org\",\"@graph\":[{\"@type\":\"WebPage\",\"@id\":\"https:\/\/www.elpuco.com.ar\/web\/galeria-de-actividades\/\",\"url\":\"https:\/\/www.elpuco.com.ar\/web\/galeria-de-actividades\/\",\"name\":\"Galeria de Actividades - El Puco. Taller de ense\u00f1anza de alfareria y cer\u00e1mica art\u00edstica\",\"isPartOf\":{\"@id\":\"https:\/\/www.elpuco.com.ar\/web\/#website\"},\"datePublished\":\"2013-02-18T02:24:16+00:00\",\"dateModified\":\"2025-06-18T20:12:52+00:00\",\"breadcrumb\":{\"@id\":\"https:\/\/www.elpuco.com.ar\/web\/galeria-de-actividades\/#breadcrumb\"},\"inLanguage\":\"es\",\"potentialAction\":[{\"@type\":\"ReadAction\",\"target\":[\"https:\/\/www.elpuco.com.ar\/web\/galeria-de-actividades\/\"]}]},{\"@type\":\"BreadcrumbList\",\"@id\":\"https:\/\/www.elpuco.com.ar\/web\/galeria-de-actividades\/#breadcrumb\",\"itemListElement\":[{\"@type\":\"ListItem\",\"position\":1,\"name\":\"Portada\",\"item\":\"https:\/\/www.elpuco.com.ar\/web\/\"},{\"@type\":\"ListItem\",\"position\":2,\"name\":\"Galeria de Actividades\"}]},{\"@type\":\"WebSite\",\"@id\":\"https:\/\/www.elpuco.com.ar\/web\/#website\",\"url\":\"https:\/\/www.elpuco.com.ar\/web\/\",\"name\":\"El Puco. Taller de ense\u00f1anza de alfareria y cer\u00e1mica art\u00edstica\",\"description\":\"\",\"potentialAction\":[{\"@type\":\"SearchAction\",\"target\":{\"@type\":\"EntryPoint\",\"urlTemplate\":\"https:\/\/www.elpuco.com.ar\/web\/?s={search_term_string}\"},\"query-input\":{\"@type\":\"PropertyValueSpecification\",\"valueRequired\":true,\"valueName\":\"search_term_string\"}}],\"inLanguage\":\"es\"}]}<\/script>\n<!-- \/ Yoast SEO plugin. -->","yoast_head_json":{"title":"Galeria de Actividades - El Puco. Taller de ense\u00f1anza de alfareria y cer\u00e1mica art\u00edstica","robots":{"index":"index","follow":"follow","max-snippet":"max-snippet:-1","max-image-preview":"max-image-preview:large","max-video-preview":"max-video-preview:-1"},"canonical":"https:\/\/www.elpuco.com.ar\/web\/galeria-de-actividades\/","og_locale":"es_ES","og_type":"article","og_title":"Galeria de Actividades - El Puco. Taller de ense\u00f1anza de alfareria y cer\u00e1mica art\u00edstica","og_description":"Las clases regulares del taller son, como m\u00ednimo, una clase semanal de dos horas y media, con un arancel que incluye las clases, los materiales y el horneado de los objetos. Se puede empezar en cualquier momento del a\u00f1o y no es necesario tener experiencia previa. Los horarios son a convenir y los programas de ... Continuar","og_url":"https:\/\/www.elpuco.com.ar\/web\/galeria-de-actividades\/","og_site_name":"El Puco. Taller de ense\u00f1anza de alfareria y cer\u00e1mica art\u00edstica","article_modified_time":"2025-06-18T20:12:52+00:00","twitter_card":"summary_large_image","twitter_misc":{"Tiempo de lectura":"1 minuto"},"schema":{"@context":"https:\/\/schema.org","@graph":[{"@type":"WebPage","@id":"https:\/\/www.elpuco.com.ar\/web\/galeria-de-actividades\/","url":"https:\/\/www.elpuco.com.ar\/web\/galeria-de-actividades\/","name":"Galeria de Actividades - El Puco. Taller de ense\u00f1anza de alfareria y cer\u00e1mica art\u00edstica","isPartOf":{"@id":"https:\/\/www.elpuco.com.ar\/web\/#website"},"datePublished":"2013-02-18T02:24:16+00:00","dateModified":"2025-06-18T20:12:52+00:00","breadcrumb":{"@id":"https:\/\/www.elpuco.com.ar\/web\/galeria-de-actividades\/#breadcrumb"},"inLanguage":"es","potentialAction":[{"@type":"ReadAction","target":["https:\/\/www.elpuco.com.ar\/web\/galeria-de-actividades\/"]}]},{"@type":"BreadcrumbList","@id":"https:\/\/www.elpuco.com.ar\/web\/galeria-de-actividades\/#breadcrumb","itemListElement":[{"@type":"ListItem","position":1,"name":"Portada","item":"https:\/\/www.elpuco.com.ar\/web\/"},{"@type":"ListItem","position":2,"name":"Galeria de Actividades"}]},{"@type":"WebSite","@id":"https:\/\/www.elpuco.com.ar\/web\/#website","url":"https:\/\/www.elpuco.com.ar\/web\/","name":"El Puco. Taller de ense\u00f1anza de alfareria y cer\u00e1mica art\u00edstica","description":"","potentialAction":[{"@type":"SearchAction","target":{"@type":"EntryPoint","urlTemplate":"https:\/\/www.elpuco.com.ar\/web\/?s={search_term_string}"},"query-input":{"@type":"PropertyValueSpecification","valueRequired":true,"valueName":"search_term_string"}}],"inLanguage":"es"}]}},"_links":{"self":[{"href":"https:\/\/www.elpuco.com.ar\/web\/wp-json\/wp\/v2\/pages\/2","targetHints":{"allow":["GET"]}}],"collection":[{"href":"https:\/\/www.elpuco.com.ar\/web\/wp-json\/wp\/v2\/pages"}],"about":[{"href":"https:\/\/www.elpuco.com.ar\/web\/wp-json\/wp\/v2\/types\/page"}],"author":[{"embeddable":true,"href":"https:\/\/www.elpuco.com.ar\/web\/wp-json\/wp\/v2\/users\/1"}],"replies":[{"embeddable":true,"href":"https:\/\/www.elpuco.com.ar\/web\/wp-json\/wp\/v2\/comments?post=2"}],"version-history":[{"count":12,"href":"https:\/\/www.elpuco.com.ar\/web\/wp-json\/wp\/v2\/pages\/2\/revisions"}],"predecessor-version":[{"id":1827,"href":"https:\/\/www.elpuco.com.ar\/web\/wp-json\/wp\/v2\/pages\/2\/revisions\/1827"}],"wp:attachment":[{"href":"https:\/\/www.elpuco.com.ar\/web\/wp-json\/wp\/v2\/media?parent=2"}],"curies":[{"name":"wp","href":"https:\/\/api.w.org\/{rel}","templated":true}]}}